
Calculate the remainder when 49738 is divided by 637.
52
What is the remainder when 7211 is divided by 85?
71
Calculate the remainder when 25755 is divided by 84.
51
What is the remainder when 57245 is divided by 502?
17
Calculate the remainder when 507965 is divided by 123.
98
What is the remainder when 1018247 is divided by 77?
76
What is the remainder when 46040 is divided by 103?
102
Calculate the remainder when 26350 is divided by 10.
0
Calculate the remainder when 6812 is divided by 21.
8
Calculate the remainder when 16314 is divided by 255.
249
Calculate the remainder when 145327 is divided by 48442.
1
Calculate the remainder when 11075 is divided by 399.
302
Calculate the remainder when 2799 is divided by 23.
16
What is the remainder when 26247 is divided by 18?
3
Calculate the remainder when 67341 is divided by 4808.
29
What is the remainder when 2261 is divided by 2248?
13
Calculate the remainder when 16560 is divided by 16534.
26
What is the remainder when 30140 is divided by 225?
215
What is the remainder when 167619 is divided by 85?
84
What is the remainder when 2954 is divided by 141?
134
Calculate the remainder when 44136 is divided by 199.
157
Calculate the remainder when 2586 is divided by 41.
3
Calculate the remainder when 7884 is divided by 2513.
345
Calculate the remainder when 20828 is divided by 1495.
1393
What is the remainder when 57869 is divided by 57767?
102
What is the remainder when 71460 is divided by 134?
38
Calculate the remainder when 4003 is divided by 337.
296
Calculate the remainder when 512215 is divided by 86.
85
What is the remainder when 3573 is divided by 36?
9
What is the remainder when 591 is divided by 463?
128
What is the remainder when 17737 is divided by 982?
61
Calculate the remainder when 157754 is divided by 8.
2
What is the remainder when 47071 is divided by 6724?
3
Calculate the remainder when 341585 is divided by 14.
13
What is the remainder when 71684 is divided by 362?
8
What is the remainder when 6979 is divided by 871?
11
Calculate the remainder when 4397 is divided by 1083.
65
What is the remainder when 3781 is divided by 3761?
20
What is the remainder when 116127 is divided by 188?
131
Calculate the remainder when 5832 is divided by 1695.
747
What is the remainder when 2039504 is divided by 1019744?
16
Calculate the remainder when 310413 is divided by 103468.
9
What is the remainder when 22375 is divided by 334?
331
Calculate the remainder when 790655 is divided by 1761.
1727
Calculate the remainder when 244441 is divided by 90.
1
What is the remainder when 136279 is divided by 26?
13
Calculate the remainder when 1071103 is divided by 5437.
14
Calculate the remainder when 4948 is divided by 4916.
32
Calculate the remainder when 1057857 is divided by 108.
105
Calculate the remainder when 5590 is divided by 1544.
958
Calculate the remainder when 533 is divided by 155.
68
Calculate the remainder when 84165 is divided by 313.
281
Calculate the remainder when 1458 is divided by 505.
448
Calculate the remainder when 723273 is divided by 12.
9
Calculate the remainder when 1327 is divided by 326.
23
What is the remainder when 12341 is divided by 2464?
21
What is the remainder when 16646 is divided by 170?
156
Calculate the remainder when 665 is divided by 362.
303
Calculate the remainder when 186363 is divided by 69.
63
Calculate the remainder when 28159 is divided by 55.
54
What is the remainder when 148224 is divided by 16467?
21
Calculate the remainder when 8666 is divided by 59.
52
What is the remainder when 1235803 is divided by 205967?
1
Calculate the remainder when 2761 is divided by 141.
82
Calculate the remainder when 1300 is divided by 362.
214
What is the remainder when 237236 is divided by 131?
126
What is the remainder when 52826 is divided by 103?
90
What is the remainder when 3895 is divided by 42?
31
Calculate the remainder when 56104 is divided by 229.
228
Calculate the remainder when 70091 is divided by 11681.
5
Calculate the remainder when 11552 is divided by 118.
106
Calculate the remainder when 9757 is divided by 748.
33
Calculate the remainder when 920 is divided by 3.
2
Calculate the remainder when 1457 is divided by 507.
443
Calculate the remainder when 33893 is divided by 1086.
227
Calculate the remainder when 351490 is divided by 77.
62
What is the remainder when 7695 is divided by 595?
555
Calculate the remainder when 85672 is divided by 315.
307
Calculate the remainder when 120880 is divided by 94.
90
What is the remainder when 4015 is divided by 1217?
364
Calculate the remainder when 17219 is divided by 4292.
51
Calculate the remainder when 60369 is divided by 56.
1
Calculate the remainder when 32354 is divided by 32329.
25
What is the remainder when 60346 is divided by 29?
26
What is the remainder when 3308315 is divided by 181?
178
Calculate the remainder when 140367 is divided by 70174.
19
What is the remainder when 9015 is divided by 148?
135
Calculate the remainder when 282467 is divided by 47.
44
Calculate the remainder when 86070 is divided by 21517.
2
What is the remainder when 1119655 is divided by 2062?
2051
Calculate the remainder when 2916 is divided by 1129.
658
What is the remainder when 25507 is divided by 4932?
847
What is the remainder when 6883 is divided by 61?
51
Calculate the remainder when 13018 is divided by 2581.
113
Calculate the remainder when 541151 is divided by 12.
11
What is the remainder when 12789 is divided by 16?
5
What is the remainder when 11243 is divided by 21?
8
What is the remainder when 54625 is divided by 191?
190
What is the remainder when 36157 is divided by 123?
118
What is the remainder when 2405 is divided by 406?
375
What is the remainder when 60884 is divided by 192?
20
What is the remainder when 33801 is divided by 316?
305
Calculate the remainder when 2621803 is divided by 166.
165
Calculate the remainder when 22296 is divided by 7367.
195
Calculate the remainder when 28721 is divided by 54.
47
Calculate the remainder when 901 is divided by 595.
306
Calculate the remainder when 6237 is divided by 2004.
225
Calculate the remainder when 1808 is divided by 452.
0
What is the remainder when 653258 is divided by 20?
18
Calculate the remainder when 4308 is divided by 20.
8
Calculate the remainder when 1186 is divided by 49.
10
What is the remainder when 33396 is divided by 4714?
398
Calculate the remainder when 15623 is divided by 31.
30
Calculate the remainder when 89909 is divided by 370.
369
What is the remainder when 163659 is divided by 31?
10
Calculate the remainder when 1380 is divided by 1260.
120
What is the remainder when 14989 is divided by 341?
326
Calculate the remainder when 355799 is divided by 200.
199
What is the remainder when 2240783 is divided by 18?
17
What is the remainder when 6083154 is divided by 299?
298
What is the remainder when 527 is divided by 408?
119
What is the remainder when 1138 is divided by 771?
367
What is the remainder when 197453 is divided by 172?
169
Calculate the remainder when 37539 is divided by 12492.
63
What is the remainder when 1071556 is divided by 40?
36
What is the remainder when 17657 is divided by 94?
79
Calculate the remainder when 30209 is divided by 57.
56
Calculate the remainder when 8323 is divided by 4157.
9
Calculate the remainder when 235873 is divided by 425.
423
Calculate the remainder when 31664 is divided by 296.
288
What is the remainder when 24163 is divided by 360?
43
What is the remainder when 13422 is divided by 497?
3
Calculate the remainder when 3254 is divided by 65.
4
Calculate the remainder when 29378 is divided by 113.
111
What is the remainder when 1592 is divided by 172?
44
What is the remainder when 114 is divided by 111?
3
What is the remainder when 91906 is divided by 22972?
18
Calculate the remainder when 41034 is divided by 1000.
34
What is the remainder when 21075 is divided by 84?
75
Calculate the remainder when 4495277 is divided by 332.
329
What is the remainder when 56174 is divided by 321?
320
Calculate the remainder when 2068 is divided by 366.
238
Calculate the remainder when 8555 is divided by 363.
206
Calculate the remainder when 270588 is divided by 54106.
58
Calculate the remainder when 545123 is divided by 35.
33
Calc